{"id":434,"date":"2025-06-14T13:18:23","date_gmt":"2025-06-14T13:18:23","guid":{"rendered":"https:\/\/incarta.it\/?page_id=434"},"modified":"2025-06-14T13:24:18","modified_gmt":"2025-06-14T13:24:18","slug":"434-2","status":"publish","type":"page","link":"https:\/\/incarta.it\/index.php\/434-2\/","title":{"rendered":"Computer Portatili Professionistici e Creativi"},"content":{"rendered":"\n<div class=\"wp-block-group alignfull has-global-padding is-layout-constrained wp-block-group-is-layout-constrained\" style=\"margin-top:0;margin-bottom:0\">\n<p class=\"has-text-align-center has-background has-xx-large-font-size\" style=\"border-width:3px;background-color:#d5d5d5;padding-top:var(--wp--preset--spacing--30);padding-bottom:var(--wp--preset--spacing--30)\"><strong>Computer Portatili<\/strong><\/p>\n<\/div>\n\n\n\n<p class=\"has-text-align-center has-roboto-font-family has-x-large-font-size\" style=\"padding-top:var(--wp--preset--spacing--30);padding-bottom:var(--wp--preset--spacing--30)\"><em><strong>PROFESSIONISTICI E CREATIVI<\/strong><\/em><\/p>\n\n\n\n<div class=\"wp-block-media-text alignwide is-stacked-on-mobile\" style=\"grid-template-columns:40% auto\"><figure class=\"wp-block-media-text__media\"><img loading=\"lazy\" decoding=\"async\" width=\"500\" height=\"300\" src=\"https:\/\/incarta.it\/wp-content\/uploads\/2025\/06\/1-removebg-preview-1.png\" alt=\"\" class=\"wp-image-435 size-full\" srcset=\"https:\/\/incarta.it\/wp-content\/uploads\/2025\/06\/1-removebg-preview-1.png 500w, https:\/\/incarta.it\/wp-content\/uploads\/2025\/06\/1-removebg-preview-1-300x180.png 300w\" sizes=\"auto, (max-width: 500px) 100vw, 500px\" \/><\/figure><div class=\"wp-block-media-text__content\">\n<p class=\"has-roboto-font-family has-large-font-size\"><strong>Potenza <\/strong>e <strong>precisione <\/strong>al servizio delle tue <strong>idee<\/strong>. I laptop professionali e creativi sono progettati per <strong>soddisfare <\/strong>le esigenze di <strong>designer<\/strong>, <strong>fotografi<\/strong>, <strong>videomaker <\/strong>e professionisti del settore. Con hardware <strong>avanzato<\/strong>, display ad <strong>alta fedelt\u00e0<\/strong> cromatica e grande capacit\u00e0 di <strong>elaborazione<\/strong>, trasformano ogni progetto in <strong>realt\u00e0<\/strong>.<\/p>\n<\/div><\/div>\n\n\n\n<div class=\"wp-block-group alignfull has-global-padding is-layout-constrained wp-container-core-group-is-layout-54af5b55 wp-block-group-is-layout-constrained\" style=\"margin-top:0;margin-bottom:0;padding-top:var(--wp--preset--spacing--60);padding-bottom:var(--wp--preset--spacing--60)\">\n<h2 class=\"wp-block-heading alignwide has-text-align-center has-roboto-font-family has-x-large-font-size\">Sceglie quello che fa per te<\/h2>\n\n\n\n<div class=\"wp-block-buttons alignfull has-custom-font-size has-roboto-font-family has-large-font-size is-content-justification-center is-layout-flex wp-container-core-buttons-is-layout-c124d1c4 wp-block-buttons-is-layout-flex\">\n<div class=\"wp-block-button\"><a class=\"wp-block-button__link has-contrast-color has-text-color has-background has-link-color has-roboto-font-family wp-element-button\" href=\"https:\/\/incarta.it\/index.php\/179-2\/\" style=\"background-color:#0000005c\"><strong>Lavoro e Ufficio<\/strong><\/a><\/div>\n\n\n\n<div class=\"wp-block-button\"><a class=\"wp-block-button__link has-contrast-color has-text-color has-background has-link-color has-roboto-font-family wp-element-button\" href=\"https:\/\/incarta.it\/index.php\/424-2\/\" style=\"background-color:#0000005c\"><strong>Gaming<\/strong><\/a><\/div>\n\n\n\n<div class=\"wp-block-button\"><a class=\"wp-block-button__link has-contrast-color has-text-color has-background has-link-color has-roboto-font-family wp-element-button\" href=\"https:\/\/incarta.it\/index.php\/429-2\/\" style=\"background-color:#0000005c\"><strong>uso domestico<\/strong><\/a><\/div>\n<\/div>\n<\/div>\n","protected":false},"excerpt":{"rendered":"<p>Computer Portatili PROFESSIONISTICI E CREATIVI Potenza e precisione al servizio delle tue idee. I laptop professionali e creativi sono progettati per soddisfare le esigenze di designer, fotografi, videomaker e professionisti del settore. Con hardware avanzato, display ad alta fedelt\u00e0 cromatica e grande capacit\u00e0 di elaborazione, trasformano ogni progetto in realt\u00e0. Sceglie quello che fa per [&hellip;]<\/p>\n","protected":false},"author":1,"featured_media":0,"parent":0,"menu_order":0,"comment_status":"closed","ping_status":"closed","template":"","meta":{"footnotes":""},"class_list":["post-434","page","type-page","status-publish","hentry"],"_links":{"self":[{"href":"https:\/\/incarta.it\/index.php\/wp-json\/wp\/v2\/pages\/434","targetHints":{"allow":["GET"]}}],"collection":[{"href":"https:\/\/incarta.it\/index.php\/wp-json\/wp\/v2\/pages"}],"about":[{"href":"https:\/\/incarta.it\/index.php\/wp-json\/wp\/v2\/types\/page"}],"author":[{"embeddable":true,"href":"https:\/\/incarta.it\/index.php\/wp-json\/wp\/v2\/users\/1"}],"replies":[{"embeddable":true,"href":"https:\/\/incarta.it\/index.php\/wp-json\/wp\/v2\/comments?post=434"}],"version-history":[{"count":3,"href":"https:\/\/incarta.it\/index.php\/wp-json\/wp\/v2\/pages\/434\/revisions"}],"predecessor-version":[{"id":447,"href":"https:\/\/incarta.it\/index.php\/wp-json\/wp\/v2\/pages\/434\/revisions\/447"}],"wp:attachment":[{"href":"https:\/\/incarta.it\/index.php\/wp-json\/wp\/v2\/media?parent=434"}],"curies":[{"name":"wp","href":"https:\/\/api.w.org\/{rel}","templated":true}]}}