{"id":28,"date":"2025-06-06T08:42:28","date_gmt":"2025-06-06T08:42:28","guid":{"rendered":"https:\/\/incarta.it\/?page_id=28"},"modified":"2025-06-17T09:12:14","modified_gmt":"2025-06-17T09:12:14","slug":"fotocopiatrici","status":"publish","type":"page","link":"https:\/\/incarta.it\/index.php\/fotocopiatrici\/","title":{"rendered":"Fotocopiatrici"},"content":{"rendered":"\n<div class=\"wp-block-group alignfull has-global-padding is-layout-constrained wp-block-group-is-layout-constrained\" style=\"margin-top:0;margin-bottom:0\">\n<p class=\"has-text-align-center has-background has-xx-large-font-size\" style=\"border-width:3px;background-color:#d5d5d5;padding-top:var(--wp--preset--spacing--30);padding-bottom:var(--wp--preset--spacing--30)\"><strong>Fotocopiatrici<\/strong><\/p>\n<\/div>\n\n\n\n<div class=\"wp-block-media-text alignwide is-stacked-on-mobile\" style=\"grid-template-columns:37% auto\"><figure class=\"wp-block-media-text__media\"><img loading=\"lazy\" decoding=\"async\" width=\"547\" height=\"456\" src=\"https:\/\/incarta.it\/wp-content\/uploads\/2025\/06\/ae789999a112b4da68450029b8523f4c0417910d-5000x4165-removebg-preview.png\" alt=\"\" class=\"wp-image-384 size-full\" srcset=\"https:\/\/incarta.it\/wp-content\/uploads\/2025\/06\/ae789999a112b4da68450029b8523f4c0417910d-5000x4165-removebg-preview.png 547w, https:\/\/incarta.it\/wp-content\/uploads\/2025\/06\/ae789999a112b4da68450029b8523f4c0417910d-5000x4165-removebg-preview-300x250.png 300w\" sizes=\"auto, (max-width: 547px) 100vw, 547px\" \/><\/figure><div class=\"wp-block-media-text__content\">\n<p class=\"has-roboto-font-family has-large-font-size\"><strong>Affidabilit\u00e0<\/strong>, <strong>velocit\u00e0 <\/strong>e <strong>performance <\/strong>professionali: le nostre fotocopiatrici sono progettate per garantire la <strong>massima produttivit\u00e0 <\/strong>in ufficio, studio o ambiente aziendale. Sia per <strong>piccoli volumi<\/strong> che per <strong>grandi flussi<\/strong> di lavoro, abbiamo la soluzione giusta.<\/p>\n<\/div><\/div>\n\n\n\n<div class=\"wp-block-group alignfull has-global-padding is-layout-constrained wp-container-core-group-is-layout-54af5b55 wp-block-group-is-layout-constrained\" style=\"margin-top:0;margin-bottom:0;padding-top:var(--wp--preset--spacing--60);padding-bottom:var(--wp--preset--spacing--60)\">\n<h2 class=\"wp-block-heading alignwide has-text-align-center has-roboto-font-family has-x-large-font-size\">Sceglie quello che fa per te<\/h2>\n\n\n\n<div class=\"wp-block-buttons alignfull has-custom-font-size has-roboto-font-family has-large-font-size is-content-justification-center is-layout-flex wp-container-core-buttons-is-layout-c124d1c4 wp-block-buttons-is-layout-flex\">\n<div class=\"wp-block-button\"><a class=\"wp-block-button__link has-contrast-color has-text-color has-background has-link-color has-roboto-font-family wp-element-button\" href=\"http:\/\/incarta.it\/index.php\/518-2\/\" style=\"background-color:#0000005c\"><strong>Fotocopiatrici Multifunzione<\/strong><\/a><\/div>\n\n\n\n<div class=\"wp-block-button\"><a class=\"wp-block-button__link has-contrast-color has-text-color has-background has-link-color has-roboto-font-family wp-element-button\" href=\"https:\/\/incarta.it\/index.php\/525-2\/\" style=\"background-color:#0000005c\"><strong>Fotocopiatrici compatti per piccoli uffici<\/strong><\/a><\/div>\n\n\n\n<div class=\"wp-block-button\"><a class=\"wp-block-button__link has-contrast-color has-text-color has-background has-link-color has-roboto-font-family wp-element-button\" href=\"https:\/\/incarta.it\/index.php\/533-2\/\" style=\"background-color:#0000005c\"><strong>fotocopiatrici professionali<\/strong><\/a><\/div>\n<\/div>\n<\/div>\n","protected":false},"excerpt":{"rendered":"<p>Fotocopiatrici Affidabilit\u00e0, velocit\u00e0 e performance professionali: le nostre fotocopiatrici sono progettate per garantire la massima produttivit\u00e0 in ufficio, studio o ambiente aziendale. Sia per piccoli volumi che per grandi flussi di lavoro, abbiamo la soluzione giusta. Sceglie quello che fa per te<\/p>\n","protected":false},"author":1,"featured_media":0,"parent":0,"menu_order":0,"comment_status":"closed","ping_status":"closed","template":"","meta":{"footnotes":""},"class_list":["post-28","page","type-page","status-publish","hentry"],"_links":{"self":[{"href":"https:\/\/incarta.it\/index.php\/wp-json\/wp\/v2\/pages\/28","targetHints":{"allow":["GET"]}}],"collection":[{"href":"https:\/\/incarta.it\/index.php\/wp-json\/wp\/v2\/pages"}],"about":[{"href":"https:\/\/incarta.it\/index.php\/wp-json\/wp\/v2\/types\/page"}],"author":[{"embeddable":true,"href":"https:\/\/incarta.it\/index.php\/wp-json\/wp\/v2\/users\/1"}],"replies":[{"embeddable":true,"href":"https:\/\/incarta.it\/index.php\/wp-json\/wp\/v2\/comments?post=28"}],"version-history":[{"count":10,"href":"https:\/\/incarta.it\/index.php\/wp-json\/wp\/v2\/pages\/28\/revisions"}],"predecessor-version":[{"id":582,"href":"https:\/\/incarta.it\/index.php\/wp-json\/wp\/v2\/pages\/28\/revisions\/582"}],"wp:attachment":[{"href":"https:\/\/incarta.it\/index.php\/wp-json\/wp\/v2\/media?parent=28"}],"curies":[{"name":"wp","href":"https:\/\/api.w.org\/{rel}","templated":true}]}}